divisor of 2542505 and 210?
35
What is the highest common divisor of 753 and 1165?
1
What is the greatest common divisor of 33425 and 2541255?
955
Calculate the highest common divisor of 1036671 and 26838.
213
Calculate the greatest common divisor of 7546836 and 924.
132
What is the highest common factor of 848760 and 2285?
5
Calculate the greatest common divisor of 30912 and 2718784.
1472
Calculate the highest common divisor of 72 and 60941016.
72
Calculate the greatest common factor of 4081 and 8299005.
583
Calculate the highest common divisor of 385 and 681345.
35
Calculate the greatest common factor of 210799 and 52043.
71
Calculate the highest common divisor of 43925194 and 1094.
1094
Calculate the greatest common factor of 965404 and 271594.
1186
Calculate the greatest common factor of 1381 and 48416479.
1381
Calculate the greatest common factor of 88593 and 1096.
1
What is the highest common factor of 55651239 and 6371?
277
What is the greatest common factor of 7211 and 73?
1
Calculate the highest common factor of 21896 and 32919072.
3128
What is the highest common divisor of 2526786 and 90?
18
Calculate the greatest common divisor of 1230477000 and 25875.
8625
What is the highest common factor of 5913 and 4419711?
27
What is the greatest common factor of 1803610128 and 5592?
5592
Calculate the greatest common factor of 137440119 and 1068.
267
Calculate the highest common factor of 736 and 4418070.
46
What is the highest common divisor of 2596 and 79449046?
118
Calculate the highest common divisor of 3000393 and 495.
99
What is the highest common divisor of 448 and 39722816?
448
What is the highest common divisor of 36621 and 1410555471?
12207
What is the greatest common factor of 756267 and 525192?
237
Calculate the greatest common divisor of 1480 and 299864.
8
What is the highest common factor of 101 and 62924111?
101
What is the greatest common divisor of 340230 and 26806?
2062
Calculate the greatest common factor of 13421930 and 1570.
1570
Calculate the greatest common factor of 143580645 and 945.
45
What is the greatest common factor of 100 and 164273050?
50
Calculate the greatest common factor of 18559 and 5397.
1
What is the greatest common factor of 16 and 702280?
8
What is the greatest common factor of 115949406 and 15642?
474
Calculate the highest common factor of 57 and 47456243.
19
What is the highest common divisor of 273195 and 2275?
65
What is the greatest common divisor of 154304 and 28352?
64
Calculate the greatest common divisor of 231065315 and 65.
65
Calculate the highest common factor of 1800 and 1657953.
9
What is the greatest common divisor of 535086 and 3816800?
734
Calculate the highest common factor of 21 and 286346361.
21
Calculate the greatest common divisor of 225369889 and 471.
157
What is the highest common divisor of 164 and 40602464?
164
What is the greatest common divisor of 63388 and 10640227?
689
What is the greatest common divisor of 577500 and 553476?
924
What is the highest common factor of 66186 and 15474?
6
What is the greatest common divisor of 620 and 412207?
31
Calculate the highest common divisor of 704670 and 134142.
1698
What is the highest common divisor of 10722 and 209461418?
3574
What is the highest common divisor of 81 and 10853001?
27
Calculate the greatest common factor of 59468757 and 847368.
11769
What is the highest common factor of 368 and 305394?
46
What is the greatest common divisor of 288 and 2884368?
48
What is the highest common factor of 16665 and 684343?
11
Calculate the greatest common factor of 53518 and 2.
2
Calculate the greatest common divisor of 16633175 and 175.
25
What is the greatest common divisor of 9535118 and 2468?
1234
Calculate the highest common factor of 11178961 and 3482.
1741
Calculate the greatest common factor of 3269 and 44324.
7
Calculate the highest common factor of 2469 and 98935299.
2469
What is the greatest common factor of 12621 and 1958659?
601
What is the greatest common divisor of 176 and 5919856?
16
What is the greatest common factor of 742933494 and 18?
18
Calculate the highest common factor of 2 and 22723214.
2
Calculate the highest common factor of 213 and 26431099.
71
What is the highest common factor of 424 and 2509868?
212
Calculate the greatest common factor of 7281352 and 270088.
5512
Calculate the highest common factor of 58383 and 3847311.
117
Calculate the highest common divisor of 57775929 and 164.
41
What is the highest common divisor of 3053 and 116874?
43
What is the highest common factor of 244390980 and 60?
60
Calculate the highest common factor of 9910952 and 80773.
1049
What is the highest common factor of 389 and 88632872?
389
What is the highest common factor of 94190 and 283460?
10
What is the highest common divisor of 3417 and 109947?
201
Calculate the greatest common divisor of 1021054 and 2537.
59
What is the greatest common factor of 19404108 and 144?
36
What is the highest common factor of 2758031 and 23381?
103
What is the greatest common factor of 34302968 and 84?
28
What is the highest common divisor of 14143284 and 16506?
2358
Calculate the highest common divisor of 833 and 3340109.
17
What is the highest common divisor of 37499028 and 96?
12
Calculate the greatest common divisor of 4991116 and 561410.
3622
What is the greatest common factor of 136023 and 60?
3
What is the greatest common divisor of 209776788 and 27?
9
What is the greatest common divisor of 6978275 and 100?
25
What is the highest common divisor of 83720 and 625807?
2093
Calculate the greatest common divisor of 6357232 and 96.
16
Calculate the greatest common divisor of 2144732 and 8384.
524
What is the highest common divisor of 28668 and 15452?
4
What is the greatest common factor of 1132 and 4707220504?
1132
Calculate the highest common factor of 70550415 and 1079.
1079
Calculate the highest common divisor of 421080104 and 194.
194
Calculate the greatest common factor of 1380612 and 237921.
3351
What is the highest common divisor of 370496 and 756?
28
Calculate the highest common factor of 15291428 and 6004.
76
What is the highest common factor of 1128256550 and 5025?
1675
What is the greatest common divisor of 3022936 and 896?
56
What is the highest common factor of 8382 and 649478?
254
Calculate the highest common divisor of 4878 and 12582756.
18
What is the highest common divisor of 23 and 20483501?
23
What is the highest common factor of 70 and 38450370?
70
What is the highest common divisor of 2610 and 11164014?
522
What is the greatest common divisor of 1439079 and 114?
57
What is the greatest common factor of 241 and 6151043?
241
Calculate the greatest common factor of 80342 and 1351942.
578
Calculate the highest common divisor of 50524399 and 943.
23
What is the highest common divisor of 10226874 and 27972?
1554
What is the greatest common factor of 15473525 and 100?
25
What is the highest common divisor of 258676234 and 61?
61
What is the highest common divisor of 20 and 11327715?
5
Calculate the highest common factor of 4365 and 28382685.
1455
What is the greatest common divisor of 42 and 5267157?
21
What is the greatest common divisor of 185629 and 4192211?
1073
What is the greatest common divisor of 385452 and 117?
9
Calculate the greatest common divisor of 42332 and 28044.
76
Calculate the highest common factor of 1418237 and 9700.
97
Calculate the highest common factor of 9033769 and 1.
1
Calculate the greatest common divisor of 86697 and 47183175.
6669
Calculate the highest common factor of 574090 and 248670.
3070
Calculate the highest common divisor of 367252349 and 76.
19
Calculate the highest common factor of 12 and 85839981.
3
What is the greatest common factor of 2823681 and 14868?
1239
Calculate the highest common divisor of 70739 and 31242.
127
What is the greatest common factor of 1059692500 and 3805?
3805
Calculate the greatest common factor of 31122573 and 339.
339
Calculate the highest common factor of 2615410891 and 23.
23
What is the greatest common factor of 3648110 and 41830?
890
What is the greatest common factor of 599160 and 2130?
30
What is the highest common factor of 58195 and 273980?
515
Calculate the greatest common divisor of 1062 and 407232.
18
Calculate the highest common factor of 1567 and 216877